x**2 - 7*x + 20. Let k(g) = -a(g) + 3*c(g). What is k(-9)?
-11
Suppose 6*r = r + 40. Let u = r - 8. Let c(v) = u + 0 + 2*v - 1. Give c(4).
7
Let g(v) be the third derivative of -v**5/120 + 5*v**4/24 + v**3 + 43*v**2. Let k(d) be the first derivative of g(d). Calculate k(-6).
11
Let n be (1/3)/((-1)/(-6)). Let f(d) = 109 + 3*d - d - 110 + 2*d**n. Give f(-2).
3
Suppose 4*x + 20 = 2*b, -5 = 5*x - b + 17. Let s(j) = j - 2. Give s(x).
-6
Let g(k) be the first derivative of 7/2*k**2 + 1/24*k**4 - 8 + 0*k + 1/3*k**3. Let t(u) be the second derivative of g(u). Give t(0).
2
Let r(p) be the second derivative of p**5/20 + 7*p**4/12 - 5*p**3/3 - 5*p**2/2 - 2*p + 4. Let t(y) = y - 1. Let v be t(-7). What is r(v)?
11
Let n(q) = -2*q. Let m be n(1). Let j(i) be the first derivative of -1/3*i**3 - 3*i - 2*i**2 + 22. Give j(m).
1
Let s(f) = -f**3 - 6*f**2 - 4*f + 5. Let b = -8 + 21. Suppose 60 = b*i - 9*i. Suppose 2 = -4*k + n - i, 0 = 5*n - 5. Give s(k).
-11
Let h(l) = -2 + 3 + 30303*l + l**3 + 2*l**2 - 30304*l. What is h(-3)?
-5
Let f(m) = -38*m - 41*m + 43 + 73*m. What is f(7)?
1
Let d = -29 - -42. Let j = -14 + d. Let x(m) = 7*m**3 - m. Calculate x(j).
-6
Let u be ((-12)/(-18))/((-4)/(-6)). Let a(k) = 2*k + 2. Let j(h) = 2*h**2 - 9*h - 9. Let m(v) = 18*a(v) + 4*j(v). Calculate m(u).
8
Let r be (2/(-3))/((184/96)/23). Let o(v) = v**2 + 6*v - 4. Give o(r).
12
Let k(x) = -x**3 - 5*x**2 - x - 40. Let g be k(-6). Let b(l) = -2*l**3 - l - 21*l**g - 11*l**2 + 3*l**3 + 26*l**2 - 3. Let r = -4 - -10. Determine b(r).
-9
Suppose 5*q + w = 19, -5*q = -6*q - 4*w. Let d(h) = 126 - 117 + q*h + 0*h**2 - h**2. Calculate d(7).
-12
Let h(i) be the first derivative of i**3/3 + i**2/2 - 12. Let r(z) = 3*z - 3. Let m(c) = -h(c) - r(c). Give m(-5).
-2
Let z be -6*50/(-540)*-9. Let q(w) be the third derivative of -w**5/60 - w**4/4 - w**3/6 + 2*w**2. Give q(z).
4
Let z(m) = 3*m - 13. Let y be z(12). Suppose 13 - y = -5*k. Let n(f) = -2*f**3 + 0*f**2 + f**2 + 1 + 2*f + 0*f**2. What is n(k)?
-7
Suppose -3 = -m - 6. Let s(p) be the third derivative of p**6/60 + p**5/20 - p**4/24 + p**3/2 + 32*p**2. Calculate s(m).
-21
Let z(p) = p**2 + 20*p - 25. Let u(l) = 124*l + 352. Let v be u(-3). What is z(v)?
-25
Suppose -3*g = g - 4. Let t(u) = -11*u**3 + 5*u**2 - 3. Let i(v) = -5*v**3 + 2*v**2 - 1. Let o(a) = -5*i(a) + 2*t(a). Determine o(g).
2
Let j(c) = -c**3 + 5*c**2 + 8*c - 9. Let y be j(6). Let o(w) be the second derivative of 0 - 1/6*w**y + 1/2*w**2 + 3*w. What is o(3)?
-2
Let u be (-20)/(-10) + -1 + 2. Let x(c) = 153*c + 4*c**u + 6*c**2 + 6 - 5*c**3 - 156*c. Suppose 2*l + 4*q = 5*l - 30, q + 9 = l. Determine x(l).
-12
Suppose 4*u - 76 = -4*s, u - 115 = -4*u + 5*s. Suppose 0 = 4*i - 3*c - 44, -5*i - 4*c + u + 34 = 0. Let d(g) = -1 - 5 + 3 + 4 + i*g. Give d(1).
12
Let u(x) = 2*x - 89*x**2 - x**3 + 24 + 96*x**2 + 3*x. Give u(8).
0
Let x(t) = 2*t**2 + 11*t - 5. Suppose 7*v - 5*v = -3*w - 10, -3*w - 4*v - 2 = 0. Calculate x(w).
1
Let b(k) = 13*k**2 + 14*k + 8. Let g(m) = -7*m**2 - 7*m - 4. Suppose 5*v + 2*f - 6*f = 39, 2*v - 3*f = 10. Let o(w) = v*g(w) + 6*b(w). What is o(-5)?
-6
Let y(v) = v**2 - 1. Let n(w) = 4*w**2 + 12*w - 19. Let h(b) = -n(b) + 3*y(b). Determine h(-13).
3
Let j(m) = -6*m + 3. Let q(x) = 5*x + 1. Let n be q(3). Suppose 54*a - 58*a = -n. Give j(a).
-21
Let f(z) be the third derivative of z**6/120 - z**5/10 - 7*z**4/24 - z**3/6 - 250*z**2 - 1. Calculate f(7).
-1
Let k(u) = -u**3 - 6*u**2 - 7. Let d(c) = -c**3 + c**2 + 3*c - 2. Let h be d(2). Suppose 2*t + 3*t = h. Let y(i) = -i**2 - 6. Let m be y(t). Give k(m).
-7
Let a(j) = -7*j + 2. Suppose -14 = -2*c - 6. Calculate a(c).
-26
Let a(h) be the second derivative of -h**4/12 + 5*h**3/6 + 11*h**2/2 - 28*h. Determine a(6).
5
Let r(k) = -7*k - 5. Let z be 4 - 9/18*18. Determine r(z).
30
Let k be (-3)/(-3 + 10/3). Let l be (-1)/(-3) - 33/k. Let y(i) = 2*i + 1. What is y(l)?
9
Let s(v) = -2*v + 1. Suppose -28 = -8*o + 108. Let w be (-6)/(-51) - (2 + (-100)/o). Calculate s(w).
-7
Let v(n) = -n**2 + 6*n + 1. Suppose 720 = -0*g + 8*g. Let y be g/24*(-4)/(-3). Determine v(y).
6
Let n(h) = h - 2. Let m(g) be the third derivative of g**4/24 - g**3/3 + 41*g**2. Let b(f) = -3*m(f) + 2*n(f). Give b(7).
-5
Let j(z) be the third derivative of z**5/60 + 3*z**4/8 - z**3/6 + 6*z**2 + 5*z. Determine j(-9).
-1
Let f be (98/4)/(-7)*(-12)/7. Let i(y) be the first derivative of 3*y - 2 - 1/2*y**2. Determine i(f).
-3
Suppose -18 = -2*h - 0*h. Let o be h + ((-3)/(-3) - 3). Let x(v) = -v**2 + 9*v - 6. Calculate x(o).
8
Let s(g) = -80*g + 41*g + 43*g - 27. Give s(8).
5
Let g(b) = -15*b**2 + 2*b + 1. Let f(u) = -u**2 - u. Let l(m) = 4*f(m) + g(m). Let c(v) = -26*v - 181. Let w be c(-7). Give l(w).
-20
Let p = 2317 - 2323. Let v(a) = -2*a**2 - 9*a - 1. What is v(p)?
-19
Suppose 6 = -3*a + d - 23, 5*a - 2*d = -50. Let r(b) = -5*b - 36. Calculate r(a).
4
Let g(n) = n**3 + 7*n**2 + 4*n - 5. Let v be ((-2)/(-3))/((-8)/(-156)). Let c be 2/v - 350/(-91). Let u = -2 - c. Determine g(u).
7
Let n(f) be the second derivative of -f**4/6 + 2*f**3/3 - f**2/2 + f. Suppose 19*m - 66 = -3*m. Give n(m).
-7
Let n = 9 - -5. Let w(o) = -13*o + 28*o - 8 - n*o. Give w(10).
2
Let d(i) = -2*i**3 - 14 - 4*i + 15 + i**3 + 5*i**2. Suppose -25 = 5*r, 5*v - 23 = 3*r + 12. Suppose 2*n + 14 = -v*o, o + o = 5*n - 25. What is d(n)?
7
Let v(u) = 3*u**2 - 6*u + 3. Let t(p) = -p**2 + 3*p - 2. Let k(l) = 5*t(l) + 2*v(l). Let f(s) = s**2 + 3*s - 4. Let g(a) = 7*f(a) - 6*k(a). Determine g(-5).
6
Let y(o) = 4*o + 6*o - 8*o - 7 - 3*o. Determine y(-9).
2
Let w be -1 - 1 - -11 - 4. Let z be 4/26 - (-55)/65. Let x(k) = z + 2*k + k + w + k**2. What is x(-4)?
10
Suppose 0 = 74*a - 76*a - 3*f - 26, 5*a = -5*f - 60. Let k(m) = m**2 + 5*m - 43. Calculate k(a).
7
Let g = -4 + 8. Suppose -13 = -4*h + p, -h + g*p = -3*h - 16. Let w(u) = -3*u - 2 + 1 + 0 - h*u**2 - 3*u. What is w(-4)?
-9
Let b(k) be the third derivative of k**4/24 - 5*k**3/2 - 4*k**2 - 17*k. Calculate b(10).
-5
Suppose 0 = -24*k + 28*k + 2*s + 10, -2*s - 3 = -3*k. Let c(r) = -7*r**2 - 4*r - 2. Calculate c(k).
-5
Let g(l) = 2*l - 4. Suppose u = -4*h + 37, -5*h + 35 = 2*u - 24. Suppose -5*d + 4*z + 45 = -z, 3*z - u = -d. Suppose -3*t + 1 + d = 0. Determine g(t).
4
Let z(t) = -5*t + 9 + 1 - 1 + t**2. Suppose -3*m + y = -4*y + 22, 5*y = 4*m + 16. Give z(m).
15
Let a be 8/3 - 4/6. Let u(b) = -5*b**a + 2*b**2 + 2*b**2. Suppose 3*l + 5*f = -19, 11*l + 5*f = 13*l - 29. Determine u(l).
-4
Let k(j) = 3*j**2 + 3*j**2 + 2*j**3 - 3*j**2. Let m = -145 + 143. Calculate k(m).
-4
Let q(l) be the second derivative of l**5/20 + l**4/12 - 8*l**2 - l. Suppose -5*v + 8 = -2*t, 36*v - 6*t = 41*v + 24. What is q(v)?
-16
Let t(v) = 2*v + 8. Let g be (16/(-12))/((-6)/207). Let x = g - 53. Calculate t(x).
-6
Suppose 7*t - 126 = -14*t. Let f(p) = p - 14. What is f(t)?
-8
Suppose 0 = -4*h + 6 + 2. Suppose 4*y = -a - h, y + 2 + 0 = -a. Let v(g) = -2 - g - g**2 + 0*g + g**3 - 2*g**3. Calculate v(y).
-2
Let u(p) = 3*p - 4*p + 2*p + 2. Suppose -6*x - 72 = -0*x. Let c(k) = -3*k - 38. Let m be c(x). What is u(m)?
0
Let s(g) = 69. Let t(u) = u + 86. Let p(h) = 5*s(h) - 4*t(h). What is p(5)?
-19
Let f(y) = -y - 33. Let i be f(10). Let h = i - -44. Let n(g) = -2*g - 1. What is n(h)?
-3
Let d(x) be the first derivative of -x**6/360 - x**5/24 + x**4/8 - x**3 + 5. Let l(i) be the third derivative of d(i). Calculate l(-5).
3
Suppose 47*y - 13*y + 340 = 0. Let x(l) = l**3 + 11*l**2 + 11*l + 11. What is x(y)?
1
Suppose -8 = -w - 9. Let i(y) = -8*y - 1. Calculate i(w).
7
Let c(j) be the second derivative of 0 + 4/3*j**3 + 2*j**2 - 1/12*j**4 + 22*j. Determine c(7).
11
Let u(i) = -i**3 + 6*i**2 + 9*i - 10. Suppose -2*h = m - 18, h = 3*h + 4*m - 30. Determine u(h).
4
Suppose -2*b + 5*h = 1, 0*b + 5*h = -2*b - 11. Let c(x) = -3*x**2 + 3*x - 6. Let o(r) = -4*r**2 + 3*r - 6. Let l(q) = b*c(q) + 2*o(q). Give l(4).
10
Let r(z) = -7*z**3 + 3*z**2 + 2*z - 14. Let k(q) = -15*q**3 + 5*q**2 + 4*q - 28. Let w(d) = -6*k(d) + 13*r(d). Determine w(9).
4
Suppose -15*i = -27*i + 108. Let v(n) be the second derivative of i*n + 0 + 0*n**2 + 1/6*n**4 - 5/6*n**3. Determine v(4).
12
Let f(m) = -19 - 3*m + 10 + 10 + 2*m. Suppose -3*x = -x + 2. Let a(p) = 35*p - 25. Let q(u) = x*a(u) - 25*f(u). Calcula